uppose 0 = -s - r + 51. What are the prime factors of s?
2, 5
Let f(y) = -y**2 - y + 1639. Let s be f(0). Let i = -680 + s. What are the prime factors of i?
7, 137
Suppose -308*a - 27*a + 1409800 = -3165630. What are the prime factors of a?
2, 6829
Suppose 5*f + 0*f = 4*a - 439, 0 = -5*a - f + 585. Suppose -126*j = -a*j - 10090. List the prime factors of j.
1009
Suppose -4*b + 0*b = -2*x - 430, 0 = -4*x - 4*b - 848. Let l be x/(-5) + (-42)/(-105). Let a = l - 9. List the prime factors of a.
2, 17
Let b(x) = -39*x**3 - 37*x**2 + 6*x. What are the prime factors of b(-7)?
2, 7, 823
What are the prime factors of ((-5831490)/1225)/(2 - 23/10)?
2, 3967
Let d(n) = 2*n + 33. Let b be d(-14). Suppose -b*f = 509 - 1589. What are the prime factors of f?
2, 3
Let j(s) = -1197*s - 760. What are the prime factors of j(-11)?
19, 653
Let w(g) = g**3 - 2*g**2 + 4*g + 15. Let i be w(8). Suppose -15*t - i = -26. List the prime factors of (t/2 - 1)*(15 + -19).
2, 29
Suppose 3*b - 6 = 6. Let i = -125 - -130. Suppose i*t + 2*r - 242 = 0, -b*r = -t + 81 - 15. List the prime factors of t.
2, 5
Let p = -24 - -27. Suppose -3*u = -p*u - 2*u. Suppose u = w + 2*q + 5 - 98, 3*w - 5*q = 257. What are the prime factors of w?
89
Suppose -188107 = -46*h - 37411. List the prime factors of h.
2, 3, 7, 13
Suppose z - 29722 = -2*r, z - 3*r - 29717 = -4*r. What are the prime factors of z?
2, 3, 619
Let f be 1 + -15*(-7270)/30. Suppose 4*x - 12 = 0, 3*x = 3*p + 7*x - f. What are the prime factors of p?
2, 151
Suppose 186*y = 179*y + 17843. Suppose -3*p + 2619 = 2*k, -y = -2*k + 3*p + 100. List the prime factors of k.
3, 439
Suppose 37*o - 28 = 23*o. Suppose -5*h - i + 1691 = 0, 868 - 196 = o*h - 4*i. What are the prime factors of h?
2, 13
Let b be (-115)/(1 - 3/6 - 1). Suppose 3*v = 5*h - 2*v - b, 38 = h + 3*v. List the prime factors of 2 - 96/h - (-1874)/22.
5, 17
Let d(p) = 32*p**3 - 10*p**2 - 7*p - 9. What are the prime factors of d(3)?
2, 3, 31
Suppose 25*k - 883508 + 42358 = 0. What are the prime factors of k?
2, 16823
Let l be (0/3 + 1)*2. Suppose -b + 473 = -f, -4*b + 5*b - l*f = 473. What are the prime factors of b?
11, 43
Let n = -30228 - -54871. What are the prime factors of n?
19, 1297
Let p = 463 - 232. Let b = p + 195. What are the prime factors of b?
2, 3, 71
List the prime factors of (-121)/(-11) + -2 - -1521.
2, 3, 5, 17
Suppose -34*s - 3812639 = 75*s - 168*s. What are the prime factors of s?
64621
What are the prime factors of 9355593/618 - (-2 - -1) - 2/4?
15139
Let w(p) = p**3 + 19*p - 136. What are the prime factors of w(26)?
2, 3, 7, 61
Suppose 3*m = 12 + 78. Let r be 1 - -1 - m/(-3). What are the prime factors of (r + -38)/(2/(-4))?
2, 13
Let i be 8/(-44) - 730/(-22). Let t(n) = -n**3 - 9*n**2 - 9*n - 5. Let v be t(-8). Suppose v*s - 33 = i. List the prime factors of s.
2, 11
Suppose -5*m = c - 4, 2*m - m = 4*c - 37. Let g(d) = 5*d - 5. Let n be g(c). List the prime factors of 3/(45/n*4/15).
2, 5
Let k be (21/(-9) - -1)/(10/(-8205)). Let y = -388 + k. What are the prime factors of y?
2, 353
Let k(q) = -1381*q + 3278. What are the prime factors of k(-6)?
2, 7, 59
Suppose -2*c + 199 + 147 = 0. Suppose 174*a - c*a = 331. List the prime factors of a.
331
Let w = -7136 + 7148. Let d(f) = f + 6. Let v be d(0). Suppose 810 = -v*b + w*b. List the prime factors of b.
3, 5
List the prime factors of (6/87 + (-2511)/(-2697))*(13709 - 1).
2, 23, 149
Suppose -3*m = 5*b - 15941 - 41541, -5*b = -3*m + 57532. List the prime factors of m.
29, 661
Suppose 0 = 8*r + 78*r + 112*r - 2196018. List the prime factors of r.
3, 3697
What are the prime factors of 3 + 14732 + (35 - 20)?
2, 5, 59
Suppose -c + 8863 = 5*v, -10*c = 5*v - 8*c - 8866. What are the prime factors of v?
2, 443
List the prime factors of (-41)/((-1640)/508608)*5.
2, 3, 883
Let a = -528 - -37. Let q = a - -765. What are the prime factors of q?
2, 137
Let y(g) be the second derivative of -5*g**3/6 + 14*g**2 - 28*g. Let n be y(5). Suppose -5*l + 42 = -n*l - 4*s, -2*s = -4*l + 96. List the prime factors of l.
5
Suppose -3*i - r + 32959 = 0, -28*i = -30*i + r + 21966. List the prime factors of i.
5, 13
Let r(a) = a + 33. Let d be (-156)/8*1/(3/2). Let s = d + 13. List the prime factors of r(s).
3, 11
Let d be (-11)/(-5) + (-1)/5. Suppose -8*r + 2520 = d*r. Suppose 0 = -5*z - 6*o + 3*o + 418, -3*o = 3*z - r. List the prime factors of z.
83
Let u be 1*(-1 - 3/(1 - 4)). Suppose u*a - a = -323. List the prime factors of a.
17, 19
Let b = -60 - -78. Suppose -9*a = -0*a + b. What are the prime factors of a + 2 - (-86 - (2 + -3))?
5, 17
Let v be (1 - 3) + 132/1. Let t = -238 - -177. Let x = t + v. What are the prime factors of x?
3, 23
Suppose -31 = -g - 4*k, -2*g + 60 = -2*k + 18. Suppose -18*h + g*h - 890 = 0. Let n = 65 + h. List the prime factors of n.
3
Let y(w) = -81*w**3 - 16*w**2 + 23. What are the prime factors of y(-5)?
2, 2437
List the prime factors of -52*-4*(-19)/(-2)*115/20.
2, 13, 19, 23
Let g = -12574 - -19082. What are the prime factors of g?
2, 1627
List the prime factors of (-481198)/(-38) - (1552/304 + -5).
3, 7, 67
Let m(q) = 87*q**2 - 59*q + 253. What are the prime factors of m(11)?
3, 11, 307
Let m = -4850 + 6891. List the prime factors of m.
13, 157
Let l = -272 + 526. Let y(p) = -2*p**2 - 59*p - 26. Let q be y(-29). Suppose q*w - o = l, -2*w + 3*o = w - 264. List the prime factors of w.
83
Let f = 773 - 701. Suppose 2*n - 30 = f. What are the prime factors of n?
3, 17
Let n(a) = -1 + 4*a + 2*a - 4 - 4*a. Let p be n(5). Suppose 3*i - 138 = -4*x + p*i, 4*x = -i + 141. List the prime factors of x.
5, 7
Let j(x) = 4*x**2 + 16*x - 7. Let r(i) = -4*i**2 - 17*i + 6. Let m = 51 - 46. Let n(t) = m*j(t) + 4*r(t). What are the prime factors of n(-8)?
149
Suppose 0 = 4*t - 5*t + 3*n + 390, -3*t - 3*n = -1110. Suppose 0 = 2*i - 63 - t. Suppose 11*h - 56 = i. What are the prime factors of h?
5
Let r(c) = -83*c**3 + 23*c**2 - 16*c - 17. List the prime factors of r(-8).
3, 7, 2099
Let l(f) = 4*f + 58. Let w be l(-14). Suppose 4*j - 4*t - 1 = 59, w*j = 4*t + 32. List the prime factors of j + 3 + -3 - -2.
2
What are the prime factors of (530/(-9)*(-252)/(-30))/(62/(-1395))?
2, 3, 5, 7, 53
Let w = 51 - 49. Suppose y = w*y + 5*z + 30, 3*z - 108 = 3*y. Let v = y - -44. What are the prime factors of v?
3
Let i = -247 - -4. Let u = i + 155. Let p = 212 + u. List the prime factors of p.
2, 31
What are the prime factors of (-126848)/160*(-100)/8?
2, 5, 991
What are the prime factors of 13 + ((-106075)/(-5) - 15)?
3, 2357
Let h(d) = -4*d**3 - d**2 + 4*d - 6. Let x be h(-5). Suppose -l - 38 = -x. What are the prime factors of l?
3, 137
What are the prime factors of (-40057 - (29 - -6))*6/(-4)?
2, 3, 13, 257
Suppose 3*q - 8 = -0*q + i, -4*i = -5*q + 18. Suppose -5*w = -q*w - 9. List the prime factors of (-4)/18*-51*w.
2, 17
Let i be (-2427)/27 - (-2)/(-18). Let h = -7 - i. What are the prime factors of h?
83
Let o = 51 - 29. Let w be o/(-6) - (-30)/45. What are the prime factors of 52/8*14 - w?
2, 47
Suppose -48*q - 362376 = -109*q - 107*q. List the prime factors of q.
3, 719
What are the prime factors of (-102)/(-17) + (-2 + 8 - -29437)?
7, 601
Suppose -13*i = -9*i - 3*b + 1536, -4*i - 3*b = 1536. Let n = -340 - i. What are the prime factors of n?
2, 11
Let i = 9 - -21. Suppose 0*k + 5*k - i = 0. Suppose 120 + k = 3*t. List the prime factors of t.
2, 3, 7
Let t(v) = 19*v**3 - 3*v**2 + 2. Suppose 8*k = 6*k + 6. Suppose -3*o - 16 = -4*u + 3, o = k*u - 8. List the prime factors of t(u).
2, 3
Let b be 2/(-6)*(-1 + -2)*3. Let d = -382 - -610. Suppose d - 6 = 3*c - v, 2*v = b*c - 225. List the prime factors of c.
73
Suppose -13*j - 198298 = -5*l - 10*j, -5*l = -j - 198296. What are the prime factors of l?
39659
Let g(f) = 5*f**3 + 14*f**2 - 12*f - 5. Let x be g(7). Suppose 3460 = 12*w - x. List the prime factors of w.
13, 37
Let b be 7/(-14)*(1 - 17). Suppose -1657 - 55 = -b*v. Suppose 4*d - d - 249 = 3*m, -4*m + v = 3*d. What are the prime factors of d?
2, 3, 13
Let y(i) = 189*i**2 + 2*i. Let x = 15 - 16. List the prime factors of y(x).
11, 17
Suppose -10*u + 7*u + 12680 = h, 5*h - 16892 = -4*u. What are the prime factors of u?
2, 7, 151
Let d(q) = -q**2 - 3*q + 9. Let f be d(-3). Let k be 112/63 + 2/f. Suppose -3*a = -k*x - 52, 0